{"id":7,"date":"2021-10-12T09:58:25","date_gmt":"2021-10-12T09:58:25","guid":{"rendered":"https:\/\/netsysacad.ro?page_id=7"},"modified":"2024-03-09T01:03:52","modified_gmt":"2024-03-08T23:03:52","slug":"blog","status":"publish","type":"page","link":"https:\/\/muzeusm.ro\/en\/blog\/","title":{"rendered":"Blog"},"content":{"rendered":"\r\n<div class=\"wp-block-spacer desktop-only\" style=\"height: 64px;\" aria-hidden=\"true\">\u00a0<\/div>\r\n\r\n\r\n\r\n<div class=\"wp-block-columns alignwide is-layout-flex wp-container-core-columns-is-layout-28f84493 wp-block-columns-is-layout-flex\">\r\n<div class=\"wp-block-column is-layout-flow wp-block-column-is-layout-flow\" style=\"flex-basis: 25%;\">\r\n<h2 class=\"wp-block-heading\" style=\"font-size: 20px;\">ULTIMELE ARTICOLE<\/h2>\r\n<\/div>\r\n\r\n\r\n\r\n<div class=\"wp-block-column is-layout-flow wp-block-column-is-layout-flow\" style=\"flex-basis: 75%;\"><\/div>\r\n<\/div>\r\n\r\n\r\n\r\n<div class=\"wp-block-group alignfull has-tertiary-background-color has-background has-small-font-size\"><div class=\"wp-block-group__inner-container is-layout-constrained wp-block-group-is-layout-constrained\">\r\n<div class=\"wp-block-columns is-layout-flex wp-container-core-columns-is-layout-28f84493 wp-block-columns-is-layout-flex\">\r\n<div class=\"wp-block-column is-layout-flow wp-block-column-is-layout-flow\">\r\n<h5 class=\"wp-block-heading has-secondary-color has-text-color has-normal-font-size\">Muzeul Jude\u021bean Satu Mare<\/h5>\r\n\r\n\r\n\r\n<p class=\"has-text-align-left has-black-color has-text-color\"><a style=\"color: #000000;\" href=\"https:\/\/www.facebook.com\/Muzeul-Judetean-Satu-Mare-1050838434978303\">Facebook<\/a><\/p>\r\n\r\n\r\n\r\n<p><a style=\"color: #000000;\" href=\"https:\/\/www.instagram.com\/mjsatumare\/\">Instagram<\/a><\/p>\r\n<\/div>\r\n\r\n\r\n\r\n<div class=\"wp-block-column is-layout-flow wp-block-column-is-layout-flow\">\r\n<h4 class=\"wp-block-heading has-text-align-left has-secondary-color has-text-color has-normal-font-size\">Contact<\/h4>\r\n\r\n\r\n\r\n<ul>\r\n<li>muzeusm@gmail.com<\/li>\r\n<li>+40261737526<\/li>\r\n<\/ul>\r\n<\/div>\r\n\r\n\r\n\r\n<div class=\"wp-block-column is-layout-flow wp-block-column-is-layout-flow\">\r\n<h4 class=\"wp-block-heading has-secondary-color has-text-color has-normal-font-size\">Adresa<\/h4>\r\n\r\n\r\n\r\n<p class=\"has-black-color has-text-color\">Vasile Lucaciu, 21 <br \/>Satu Mare<br \/>Romania<\/p>\r\n<\/div>\r\n<\/div>\r\n<\/div><\/div>\r\n","protected":false},"excerpt":{"rendered":"<p>ULTIMELE ARTICOLE Muzeul Jude\u021bean Satu Mare Facebook Instagram Contact muzeusm@gmail.com +40261737526 Adresa Vasile Lucaciu, 21 Satu MareRomania<\/p>\n","protected":false},"author":183061330,"featured_media":0,"parent":0,"menu_order":0,"comment_status":"closed","ping_status":"closed","template":"","meta":{"_coblocks_attr":"","_coblocks_dimensions":"","_coblocks_responsive_height":"","_coblocks_accordion_ie_support":"","advanced_seo_description":"","jetpack_seo_html_title":"","jetpack_seo_noindex":false,"jetpack_post_was_ever_published":false,"footnotes":""},"class_list":["post-7","page","type-page","status-publish","hentry","entry"],"translation":{"provider":"WPGlobus","version":"3.0.1","language":"en","enabled_languages":["ro","hu","en"],"languages":{"ro":{"title":true,"content":true,"excerpt":false},"hu":{"title":false,"content":false,"excerpt":false},"en":{"title":false,"content":false,"excerpt":false}}},"jetpack_likes_enabled":true,"jetpack-related-posts":[{"id":17083,"url":"https:\/\/muzeusm.ro\/en\/history-escape-room-muzeul-jud-satu-mare-szatmar-megyei-muzeum\/","url_meta":{"origin":7,"position":0},"title":"History Escape Room","author":"Kov\u00e1cs Zsolt","date":"15 November 2025","format":false,"excerpt":"The first romaniai escape room in a museum!\/Primul joc de evadare din Rom\u00e2nia \u00eentr-un muzeu!\/ Rom\u00e1nia els\u0151 m\u00fazeumi szabadul\u00f3szob\u00e1ja! Camera de evadare e deschis\u0103 de luni p\u00e2n\u0103 vineri \u00een intervalul orar 9.00-18.00, ultima echip\u0103 \u00eentr\u00e2nd la ora 17.00! Pentru rezervare completa\u021bi formularul de mai jos! RO: Biroul P.C.R: Recomand\u0103m jocul\u2026","rel":"","context":"Similar post","block_context":{"text":"Similar post","link":""},"img":{"alt_text":"","src":"https:\/\/i0.wp.com\/muzeusm.ro\/wp-content\/uploads\/2025\/11\/469627961_907345558255516_2698275486756624331_n-edited.jpg?resize=350%2C200&ssl=1","width":350,"height":200,"srcset":"https:\/\/i0.wp.com\/muzeusm.ro\/wp-content\/uploads\/2025\/11\/469627961_907345558255516_2698275486756624331_n-edited.jpg?resize=350%2C200&ssl=1 1x, https:\/\/i0.wp.com\/muzeusm.ro\/wp-content\/uploads\/2025\/11\/469627961_907345558255516_2698275486756624331_n-edited.jpg?resize=525%2C300&ssl=1 1.5x, https:\/\/i0.wp.com\/muzeusm.ro\/wp-content\/uploads\/2025\/11\/469627961_907345558255516_2698275486756624331_n-edited.jpg?resize=700%2C400&ssl=1 2x, https:\/\/i0.wp.com\/muzeusm.ro\/wp-content\/uploads\/2025\/11\/469627961_907345558255516_2698275486756624331_n-edited.jpg?resize=1050%2C600&ssl=1 3x, https:\/\/i0.wp.com\/muzeusm.ro\/wp-content\/uploads\/2025\/11\/469627961_907345558255516_2698275486756624331_n-edited.jpg?resize=1400%2C800&ssl=1 4x"},"classes":[]},{"id":17090,"url":"https:\/\/muzeusm.ro\/en\/history-escape-room\/","url_meta":{"origin":7,"position":1},"title":"History Escape Room","author":"Kov\u00e1cs Zsolt","date":"15 November 2025","format":false,"excerpt":"The first romaniai escape room in a museum!\/Primul joc de evadare din Rom\u00e2nia \u00eentr-un muzeu!\/ Rom\u00e1nia els\u0151 m\u00fazeumi szabadul\u00f3szob\u00e1ja! Camera de evadare e deschis\u0103 de luni p\u00e2n\u0103 vineri \u00een intervalul orar 9.00-18.00, ultima echip\u0103 \u00eentr\u00e2nd la ora 17.00! Pentru rezervare completa\u021bi formularul de mai jos! RO: Biroul P.C.R: Recomand\u0103m jocul\u2026","rel":"","context":"Similar post","block_context":{"text":"Similar post","link":""},"img":{"alt_text":"","src":"https:\/\/i0.wp.com\/muzeusm.ro\/wp-content\/uploads\/2025\/11\/469627961_907345558255516_2698275486756624331_n-edited.jpg?resize=350%2C200&ssl=1","width":350,"height":200,"srcset":"https:\/\/i0.wp.com\/muzeusm.ro\/wp-content\/uploads\/2025\/11\/469627961_907345558255516_2698275486756624331_n-edited.jpg?resize=350%2C200&ssl=1 1x, https:\/\/i0.wp.com\/muzeusm.ro\/wp-content\/uploads\/2025\/11\/469627961_907345558255516_2698275486756624331_n-edited.jpg?resize=525%2C300&ssl=1 1.5x, https:\/\/i0.wp.com\/muzeusm.ro\/wp-content\/uploads\/2025\/11\/469627961_907345558255516_2698275486756624331_n-edited.jpg?resize=700%2C400&ssl=1 2x, https:\/\/i0.wp.com\/muzeusm.ro\/wp-content\/uploads\/2025\/11\/469627961_907345558255516_2698275486756624331_n-edited.jpg?resize=1050%2C600&ssl=1 3x, https:\/\/i0.wp.com\/muzeusm.ro\/wp-content\/uploads\/2025\/11\/469627961_907345558255516_2698275486756624331_n-edited.jpg?resize=1400%2C800&ssl=1 4x"},"classes":[]},{"id":184,"url":"https:\/\/muzeusm.ro\/en\/complex-memorial-ady-endre\/","url_meta":{"origin":7,"position":2},"title":"Complex Memorial Ady Endre","author":"andreeaionetecu","date":"20 October 2021","format":false,"excerpt":"{:ro} Complexul Memorial Ady Endre din Satu Mare. Muzee de la satComplexul Memorial Ady Endre din Satu Mare. Muzee de la satComplexul Memorial Ady Endre din Satu Mare. Muzee de la satComplexul Memorial Ady Endre din Satu Mare. Muzee de la satComplexul Memorial Ady Endre din Satu Mare. Muzee de\u2026","rel":"","context":"Similar post","block_context":{"text":"Similar post","link":""},"img":{"alt_text":"","src":"https:\/\/i0.wp.com\/muzeusm.ro\/wp-content\/uploads\/2021\/12\/img_5513.jpeg?resize=350%2C200&ssl=1","width":350,"height":200,"srcset":"https:\/\/i0.wp.com\/muzeusm.ro\/wp-content\/uploads\/2021\/12\/img_5513.jpeg?resize=350%2C200&ssl=1 1x, https:\/\/i0.wp.com\/muzeusm.ro\/wp-content\/uploads\/2021\/12\/img_5513.jpeg?resize=525%2C300&ssl=1 1.5x, https:\/\/i0.wp.com\/muzeusm.ro\/wp-content\/uploads\/2021\/12\/img_5513.jpeg?resize=700%2C400&ssl=1 2x, https:\/\/i0.wp.com\/muzeusm.ro\/wp-content\/uploads\/2021\/12\/img_5513.jpeg?resize=1050%2C600&ssl=1 3x, https:\/\/i0.wp.com\/muzeusm.ro\/wp-content\/uploads\/2021\/12\/img_5513.jpeg?resize=1400%2C800&ssl=1 4x"},"classes":[]},{"id":187,"url":"https:\/\/muzeusm.ro\/en\/muzeul-municipal-carei-castelul-kaolyi\/","url_meta":{"origin":7,"position":3},"title":"Muzeul Municipal Carei &#8211; Castelul K\u00e1rolyi","author":"andreeaionetecu","date":"20 October 2021","format":false,"excerpt":"{:ro} Castelul K\u00e1rolyi Pe locul castelului de azi, a existat o reziden\u021b\u0103 nobiliar\u0103 fortificat\u0103,construit\u0103 din piatr\u0103 de Ladislau \u201dL\u00e1ncz\u201d K\u00e1rolyi cu \u00eenvoirea regeluiMatia Corvin. \u00cen anul 1592, \u00een fa\u021ba pericolului turcesc, reziden\u021ba estetransformat\u0103 de c\u0103tre Mihai K\u00e1rolyi \u00eentr-o cetate. Dup\u0103 \u00eencheierear\u0103zboaielor anti-otomane, cetatea a redevenit o reziden\u021b\u0103 propriuzis\u0103, fiind recl\u0103dit\u2026","rel":"","context":"Similar post","block_context":{"text":"Similar post","link":""},"img":{"alt_text":"","src":"https:\/\/i0.wp.com\/muzeusm.ro\/wp-content\/uploads\/2025\/01\/5afecbd553209_family-1-150x150.jpg?resize=350%2C200&ssl=1","width":350,"height":200,"srcset":"https:\/\/i0.wp.com\/muzeusm.ro\/wp-content\/uploads\/2025\/01\/5afecbd553209_family-1-150x150.jpg?resize=350%2C200&ssl=1 1x, https:\/\/i0.wp.com\/muzeusm.ro\/wp-content\/uploads\/2025\/01\/5afecbd553209_family-1-150x150.jpg?resize=525%2C300&ssl=1 1.5x"},"classes":[]},{"id":7063,"url":"https:\/\/muzeusm.ro\/en\/casa-taraneasca-andrid-2\/","url_meta":{"origin":7,"position":4},"title":"CASA \u021a\u0102R\u0102NEASC\u0102 ANDRID","author":"norbertlorincz","date":"6 October 2020","format":false,"excerpt":"Unul dintre elementele etnografice ce marcheaz\u0103 trecutul \u0163inutului din C\u00e2mpia Ierului este arhitectura popular\u0103 tradi\u0163ional\u0103. Fiind o zon\u0103 de c\u00e2mpie ml\u0103\u015ftinoas\u0103 materialele de baz\u0103 ale construc\u0163iilor unei gospod\u0103rii au fost lutul, lemnul \u015fi trestia. Casele \u0163\u0103r\u0103ne\u015fti din secolele XVIII \u2013 XIX se construiau cu pere\u0163i din p\u0103m\u00e2nt b\u0103tut cu maiul\u2026","rel":"","context":"Similar post","block_context":{"text":"Similar post","link":""},"img":{"alt_text":"","src":"https:\/\/i0.wp.com\/www.muzeusm.ro\/wp-content\/uploads\/2019\/08\/Andrid-1-300x246.jpg?resize=350%2C200","width":350,"height":200},"classes":[]},{"id":212,"url":"https:\/\/muzeusm.ro\/en\/muzeul-maghiar-sipos-laszlo-bogdand\/","url_meta":{"origin":7,"position":5},"title":"Muzeul Maghiar Sipos L\u00e1szl\u00f3, Bogdand","author":"andreeaionetecu","date":"20 October 2021","format":false,"excerpt":"{:ro} Muzeul Etnografic Maghiar \u201eSipos L\u00e1szlo\u201d din Bogdand, jude\u021bul Satu Mare. Muzee de la satMuzeul Etnografic Maghiar \u201eSipos L\u00e1szlo\u201d din Bogdand, jude\u021bul Satu Mare. Muzee de la satMuzeul Etnografic Maghiar \u201eSipos L\u00e1szlo\u201d din Bogdand, jude\u021bul Satu Mare. Muzee de la satMuzeul Etnografic Maghiar \u201eSipos L\u00e1szlo\u201d din Bogdand, jude\u021bul Satu Mare.\u2026","rel":"","context":"Similar post","block_context":{"text":"Similar post","link":""},"img":{"alt_text":"","src":"https:\/\/i0.wp.com\/muzeusm.ro\/wp-content\/uploads\/2022\/03\/bogdand-2.jpg?resize=350%2C200&ssl=1","width":350,"height":200,"srcset":"https:\/\/i0.wp.com\/muzeusm.ro\/wp-content\/uploads\/2022\/03\/bogdand-2.jpg?resize=350%2C200&ssl=1 1x, https:\/\/i0.wp.com\/muzeusm.ro\/wp-content\/uploads\/2022\/03\/bogdand-2.jpg?resize=525%2C300&ssl=1 1.5x, https:\/\/i0.wp.com\/muzeusm.ro\/wp-content\/uploads\/2022\/03\/bogdand-2.jpg?resize=700%2C400&ssl=1 2x, https:\/\/i0.wp.com\/muzeusm.ro\/wp-content\/uploads\/2022\/03\/bogdand-2.jpg?resize=1050%2C600&ssl=1 3x, https:\/\/i0.wp.com\/muzeusm.ro\/wp-content\/uploads\/2022\/03\/bogdand-2.jpg?resize=1400%2C800&ssl=1 4x"},"classes":[]}],"jetpack_sharing_enabled":false,"jetpack_shortlink":"https:\/\/wp.me\/PfvnyQ-7","_links":{"self":[{"href":"https:\/\/muzeusm.ro\/en\/wp-json\/wp\/v2\/pages\/7","targetHints":{"allow":["GET"]}}],"collection":[{"href":"https:\/\/muzeusm.ro\/en\/wp-json\/wp\/v2\/pages"}],"about":[{"href":"https:\/\/muzeusm.ro\/en\/wp-json\/wp\/v2\/types\/page"}],"author":[{"embeddable":true,"href":"https:\/\/muzeusm.ro\/en\/wp-json\/wp\/v2\/users\/183061330"}],"replies":[{"embeddable":true,"href":"https:\/\/muzeusm.ro\/en\/wp-json\/wp\/v2\/comments?post=7"}],"version-history":[{"count":0,"href":"https:\/\/muzeusm.ro\/en\/wp-json\/wp\/v2\/pages\/7\/revisions"}],"wp:attachment":[{"href":"https:\/\/muzeusm.ro\/en\/wp-json\/wp\/v2\/media?parent=7"}],"curies":[{"name":"wp","href":"https:\/\/api.w.org\/{rel}","templated":true}]}}

<div class="wp-block-spacer desktop-only" style="height: 64px;" aria-hidden="true"> </div>



<div class="wp-block-columns alignwide is-layout-flex wp-container-core-columns-is-layout-28f84493 wp-block-columns-is-layout-flex">
<div class="wp-block-column is-layout-flow wp-block-column-is-layout-flow" style="flex-basis: 25%;">
<h2 class="wp-block-heading" style="font-size: 20px;">ULTIMELE ARTICOLE</h2>
</div>



<div class="wp-block-column is-layout-flow wp-block-column-is-layout-flow" style="flex-basis: 75%;"></div>
</div>



<div class="wp-block-group alignfull has-tertiary-background-color has-background has-small-font-size"><div class="wp-block-group__inner-container is-layout-constrained wp-block-group-is-layout-constrained">
<div class="wp-block-columns is-layout-flex wp-container-core-columns-is-layout-28f84493 wp-block-columns-is-layout-flex">
<div class="wp-block-column is-layout-flow wp-block-column-is-layout-flow">
<h5 class="wp-block-heading has-secondary-color has-text-color has-normal-font-size">Muzeul Județean Satu Mare</h5>



<p class="has-text-align-left has-black-color has-text-color"><a style="color: #000000;" href="https://www.facebook.com/Muzeul-Judetean-Satu-Mare-1050838434978303">Facebook</a></p>



<p><a style="color: #000000;" href="https://www.instagram.com/mjsatumare/">Instagram</a></p>
</div>



<div class="wp-block-column is-layout-flow wp-block-column-is-layout-flow">
<h4 class="wp-block-heading has-text-align-left has-secondary-color has-text-color has-normal-font-size">Contact</h4>



<ul>
<li>muzeusm@gmail.com</li>
<li>+40261737526</li>
</ul>
</div>



<div class="wp-block-column is-layout-flow wp-block-column-is-layout-flow">
<h4 class="wp-block-heading has-secondary-color has-text-color has-normal-font-size">Adresa</h4>



<p class="has-black-color has-text-color">Vasile Lucaciu, 21 <br />Satu Mare<br />Romania</p>
</div>
</div>
</div></div>

<p>ULTIMELE ARTICOLE Muzeul Județean Satu Mare Facebook Instagram Contact muzeusm@gmail.com +40261737526 Adresa Vasile Lucaciu, 21 Satu MareRomania</p>

Kovács Zsolt

The first romaniai escape room in a museum!/Primul joc de evadare din România într-un muzeu!/ Románia első múzeumi szabadulószobája! Camera de evadare e deschisă de luni până vineri în intervalul orar 9.00-18.00, ultima echipă întrând la ora 17.00! Pentru rezervare completați formularul de mai jos! RO: Biroul P.C.R: Recomandăm jocul…

Muzeul Municipal Carei &#8211; Castelul Károlyi

{:ro} Castelul Károlyi Pe locul castelului de azi, a existat o rezidență nobiliară fortificată,construită din piatră de Ladislau ”Láncz” Károlyi cu învoirea regeluiMatia Corvin. În anul 1592, în fața pericolului turcesc, rezidența estetransformată de către Mihai Károlyi într-o cetate. După încheierearăzboaielor anti-otomane, cetatea a redevenit o rezidență propriuzisă, fiind reclădit…

CASA ȚĂRĂNEASCĂ ANDRID

Unul dintre elementele etnografice ce marchează trecutul ţinutului din Câmpia Ierului este arhitectura populară tradiţională. Fiind o zonă de câmpie mlăştinoasă materialele de bază ale construcţiilor unei gospodării au fost lutul, lemnul şi trestia. Casele ţărăneşti din secolele XVIII – XIX se construiau cu pereţi din pământ bătut cu maiul…

Muzeul Maghiar Sipos László, Bogdand

{:ro} Muzeul Etnografic Maghiar „Sipos Lászlo” din Bogdand, județul Satu Mare. Muzee de la satMuzeul Etnografic Maghiar „Sipos Lászlo” din Bogdand, județul Satu Mare. Muzee de la satMuzeul Etnografic Maghiar „Sipos Lászlo” din Bogdand, județul Satu Mare. Muzee de la satMuzeul Etnografic Maghiar „Sipos Lászlo” din Bogdand, județul Satu Mare.…
