{"id":17077,"date":"2025-11-05T13:50:33","date_gmt":"2025-11-05T11:50:33","guid":{"rendered":"https:\/\/muzeusm.ro\/?page_id=17077"},"modified":"2025-11-05T13:56:14","modified_gmt":"2025-11-05T11:56:14","slug":"petitii-online","status":"publish","type":"page","link":"https:\/\/muzeusm.ro\/en\/petitii-online\/","title":{"rendered":"Peti\u021bii online"},"content":{"rendered":"\n<p>Dac\u0103 vre\u021bi s\u0103 trimite\u021bi peti\u021bii online la Muzeul Jude\u021bean Satu Mare v\u0103 rug\u0103m trimite\u021bi-l prin mail la muzeusm@gmail.com, acesta fiind canalul oficial de comunicare cu muzeul.<\/p>\n\n\n\n<p>Aici o s\u0103 apar\u0103 peti\u021biile!<\/p>\n\n\n\n<p>V\u0103 mul\u021bumim! <\/p>\n","protected":false},"excerpt":{"rendered":"<p>Dac\u0103 vre\u021bi s\u0103 trimite\u021bi peti\u021bii online la Muzeul Jude\u021bean Satu Mare v\u0103 rug\u0103m trimite\u021bi-l prin mail la muzeusm@gmail.com, acesta fiind canalul oficial de comunicare cu muzeul. Aici o s\u0103 apar\u0103 peti\u021biile! V\u0103 mul\u021bumim!<\/p>\n","protected":false},"author":245723488,"featured_media":0,"parent":0,"menu_order":0,"comment_status":"closed","ping_status":"closed","template":"","meta":{"_coblocks_attr":"","_coblocks_dimensions":"","_coblocks_responsive_height":"","_coblocks_accordion_ie_support":"","advanced_seo_description":"","jetpack_seo_html_title":"","jetpack_seo_noindex":false,"jetpack_post_was_ever_published":false,"footnotes":""},"class_list":["post-17077","page","type-page","status-publish","hentry","entry"],"translation":{"provider":"WPGlobus","version":"3.0.1","language":"en","enabled_languages":["ro","hu","en"],"languages":{"ro":{"title":true,"content":true,"excerpt":false},"hu":{"title":false,"content":false,"excerpt":false},"en":{"title":false,"content":false,"excerpt":false}}},"jetpack_likes_enabled":true,"jetpack-related-posts":[{"id":89,"url":"https:\/\/muzeusm.ro\/en\/informatii-de-interes-public\/","url_meta":{"origin":17077,"position":0},"title":"Informa\u021bii de interes public","author":"andreeaionetecu","date":"19 October 2021","format":false,"excerpt":"{:ro} Anun\u021buri Achizi\u021bii publice Buget & Documente financiare Concursuri Declara\u021bii de avere \u0218I INTERESE peti\u021bii online Muzeul Jude\u021bean Satu Mare Facebook Instagram Contact muzeusm@gmail.com 0261735116 Adresa Vasile Lucaciu, 21 Satu MareRomania Anunt selectie dosare concurs ingrijitor Anunt selectie dosare concurs ingrijitorDescarc\u0103 {:}{:hu} K\u00f6zbeszerz\u00e9s Karrier lehet\u0151s\u00e9g Vagyon \u00e9s felel\u0151s\u00e9g nyilatkozatok K\u00f6zlem\u00e9nyek\u2026","rel":"","context":"Similar post","block_context":{"text":"Similar post","link":""},"img":{"alt_text":"","src":"","width":0,"height":0},"classes":[]},{"id":107,"url":"https:\/\/muzeusm.ro\/en\/biroul-de-turism-cultural\/","url_meta":{"origin":17077,"position":1},"title":"Biroul de Turism Cultural","author":"andreeaionetecu","date":"19 October 2021","format":false,"excerpt":"Biroul de Turism Cultural a fost \u00eenfiin\u021bat \u00een noiembrie 2020 \u00een cadrul Muzeului Jude\u021bean Satu Mare. Necesitatea era una foarte mare, deoarece poten\u021bialul cultural-turistic al jude\u021bului este unul foarte mare, fiind necesar\u0103 promovarea lui \u00eentr-un mod profesionist. Echipa Biroului de Turism Cultural Satu Mare Mihaela Grigorean - \u0219ef birou Andreea\u2026","rel":"","context":"Similar post","block_context":{"text":"Similar post","link":""},"img":{"alt_text":"","src":"https:\/\/i0.wp.com\/muzeusm.ro\/wp-content\/uploads\/2021\/10\/loggo-edit-01.png?resize=350%2C200&ssl=1","width":350,"height":200,"srcset":"https:\/\/i0.wp.com\/muzeusm.ro\/wp-content\/uploads\/2021\/10\/loggo-edit-01.png?resize=350%2C200&ssl=1 1x, https:\/\/i0.wp.com\/muzeusm.ro\/wp-content\/uploads\/2021\/10\/loggo-edit-01.png?resize=525%2C300&ssl=1 1.5x, https:\/\/i0.wp.com\/muzeusm.ro\/wp-content\/uploads\/2021\/10\/loggo-edit-01.png?resize=700%2C400&ssl=1 2x, https:\/\/i0.wp.com\/muzeusm.ro\/wp-content\/uploads\/2021\/10\/loggo-edit-01.png?resize=1050%2C600&ssl=1 3x, https:\/\/i0.wp.com\/muzeusm.ro\/wp-content\/uploads\/2021\/10\/loggo-edit-01.png?resize=1400%2C800&ssl=1 4x"},"classes":[]},{"id":15750,"url":"https:\/\/muzeusm.ro\/en\/biblioteca\/","url_meta":{"origin":17077,"position":2},"title":"Bibliotec\u0103","author":"norbertlorincz","date":"6 November 2024","format":false,"excerpt":"{:ro} Despre bibliotec\u0103 \u00cen cadrul Muzeului Jude\u021bean Satu Mare func\u0163ioneaz\u0103 \u00eenc\u0103 de la \u00eenceputuri o bibliotec\u0103 documentar\u0103 \u015fi de specialitate num\u0103r\u00e2nd \u00een jur de 50.000 de volume. Partea documentar\u0103 cuprinde c\u0103r\u0163ile transferate muzeului din colec\u0163ia prefecturii vechiului comitat al S\u0103tmarului, o dona\u0163ie primit\u0103 din Fondul de Dublete ale Bibliotecii Academiei\u2026","rel":"","context":"Similar post","block_context":{"text":"Similar post","link":""},"img":{"alt_text":"","src":"","width":0,"height":0},"classes":[]},{"id":16476,"url":"https:\/\/muzeusm.ro\/en\/14-mai-1970-55-de-ani-de-la-tragedie\/","url_meta":{"origin":17077,"position":3},"title":"14 Mai 1970 &#8211; 55 de ani de la tragedie","author":"norbertlorincz","date":"18 March 2025","format":false,"excerpt":"Tragedie \u0219i rena\u0219tere. Fe\u021be ale unei calamit\u0103\u021bi - inunda\u021bia din 14 mai 1970 \u00een Satu Mare Pusztul\u00e1s \u00e9s \u00fajj\u00e1sz\u00fclet\u00e9s. Egy csap\u00e1s t\u00f6bb arca \u2013 az 1970. m\u00e1jus 14-i szatm\u00e1ri \u00e1rv\u00edz Pentru a comemora 55 de ani de la evenimentele catastrofale din mai 1970, Sec\u021bia de Istorie a Muzeului Jude\u021bean Satu\u2026","rel":"","context":"Similar post","block_context":{"text":"Similar post","link":""},"img":{"alt_text":"","src":"https:\/\/i0.wp.com\/muzeusm.ro\/wp-content\/uploads\/2025\/05\/foto-3-e1588525706618.jpg?resize=350%2C200&ssl=1","width":350,"height":200,"srcset":"https:\/\/i0.wp.com\/muzeusm.ro\/wp-content\/uploads\/2025\/05\/foto-3-e1588525706618.jpg?resize=350%2C200&ssl=1 1x, https:\/\/i0.wp.com\/muzeusm.ro\/wp-content\/uploads\/2025\/05\/foto-3-e1588525706618.jpg?resize=525%2C300&ssl=1 1.5x, https:\/\/i0.wp.com\/muzeusm.ro\/wp-content\/uploads\/2025\/05\/foto-3-e1588525706618.jpg?resize=700%2C400&ssl=1 2x"},"classes":[]},{"id":16325,"url":"https:\/\/muzeusm.ro\/en\/activitati-de-educatie-muzeala-la-mjsm-muzeul-de-arta-si-la-sediul-institutiilor-de-invatamant\/","url_meta":{"origin":17077,"position":4},"title":"Activit\u0103\u021bi de educa\u021bie muzeal\u0103 la MJSM, Muzeul de Art\u0103 \u0219i la sediul institu\u021biilor de \u00eenv\u0103\u021b\u0103m\u00e2nt","author":"Kov\u00e1cs Zsolt","date":"24 February 2025","format":false,"excerpt":"Lutul, form\u0103 \u0219i culoare Proiectul \u201eLutul, form\u0103 \u0219i culoare\u201d, cuprinde ateliere de modelaj vase din lut \u0219i vizit\u0103 ghidat\u0103 \u00eentr-una dintre expozi\u021biile muzeului: Sec\u021bia de arheologie \/\u00a0 Sec\u021bia de etnografie. Durata activit\u0103\u021bii: 2 h Locul de desf\u0103\u0219urare: sediul MJSM \u0219i sediul institu\u021biilor de \u00eenv\u0103\u021b\u0103m\u00e2nt Activitatea se adreseaz\u0103 elevilor de nivel\u2026","rel":"","context":"Similar post","block_context":{"text":"Similar post","link":""},"img":{"alt_text":"","src":"https:\/\/i0.wp.com\/muzeusm.ro\/wp-content\/uploads\/2025\/02\/uEFsC0ItKrrI_9RLeSHjKEOGQXMx64lQ6F_zCIjYnbU.webp?resize=350%2C200&ssl=1","width":350,"height":200,"srcset":"https:\/\/i0.wp.com\/muzeusm.ro\/wp-content\/uploads\/2025\/02\/uEFsC0ItKrrI_9RLeSHjKEOGQXMx64lQ6F_zCIjYnbU.webp?resize=350%2C200&ssl=1 1x, https:\/\/i0.wp.com\/muzeusm.ro\/wp-content\/uploads\/2025\/02\/uEFsC0ItKrrI_9RLeSHjKEOGQXMx64lQ6F_zCIjYnbU.webp?resize=525%2C300&ssl=1 1.5x, https:\/\/i0.wp.com\/muzeusm.ro\/wp-content\/uploads\/2025\/02\/uEFsC0ItKrrI_9RLeSHjKEOGQXMx64lQ6F_zCIjYnbU.webp?resize=700%2C400&ssl=1 2x"},"classes":[]},{"id":16373,"url":"https:\/\/muzeusm.ro\/en\/prezentari-la-mjsm-si-la-sediul-institutiilor-de-invatamant\/","url_meta":{"origin":17077,"position":5},"title":"Prezent\u0103ri la MJSM \u0219i la sediul institu\u021biilor de \u00eenv\u0103\u021b\u0103m\u00e2nt","author":"Kov\u00e1cs Zsolt","date":"24 February 2025","format":false,"excerpt":"32. Portul popular \u00een \u021aara OasuluiPrezentare Power Point dedicat\u0103 obiectelor de \u00eembr\u0103c\u0103minte din \u021aara Oa\u0219ului de-a lungul timpului.Durata activit\u0103\u021bii: 1 hLocul de desf\u0103\u0219urare: Sediul institu\u021biilor de \u00eenv\u0103\u021b\u0103m\u00e2ntCoordonator: Adriana Achim\u00a0Persoan\u0103 de contact: Cr\u0103ciun Dreve Andrada, 0735513342 33. \u201eDe la copac \u2013 la obiect de patrimoniu\u201dPrezent\u0103ri tematice pentru elevii de \u0219coal\u0103 gimnazial\u0103\u2026","rel":"","context":"Similar post","block_context":{"text":"Similar post","link":""},"img":{"alt_text":"","src":"","width":0,"height":0},"classes":[]}],"jetpack_sharing_enabled":true,"jetpack_shortlink":"https:\/\/wp.me\/PfvnyQ-4rr","_links":{"self":[{"href":"https:\/\/muzeusm.ro\/en\/wp-json\/wp\/v2\/pages\/17077","targetHints":{"allow":["GET"]}}],"collection":[{"href":"https:\/\/muzeusm.ro\/en\/wp-json\/wp\/v2\/pages"}],"about":[{"href":"https:\/\/muzeusm.ro\/en\/wp-json\/wp\/v2\/types\/page"}],"author":[{"embeddable":true,"href":"https:\/\/muzeusm.ro\/en\/wp-json\/wp\/v2\/users\/245723488"}],"replies":[{"embeddable":true,"href":"https:\/\/muzeusm.ro\/en\/wp-json\/wp\/v2\/comments?post=17077"}],"version-history":[{"count":2,"href":"https:\/\/muzeusm.ro\/en\/wp-json\/wp\/v2\/pages\/17077\/revisions"}],"predecessor-version":[{"id":17081,"href":"https:\/\/muzeusm.ro\/en\/wp-json\/wp\/v2\/pages\/17077\/revisions\/17081"}],"wp:attachment":[{"href":"https:\/\/muzeusm.ro\/en\/wp-json\/wp\/v2\/media?parent=17077"}],"curies":[{"name":"wp","href":"https:\/\/api.w.org\/{rel}","templated":true}]}}

Petiții online

<p>Dacă vreți să trimiteți petiții online la Muzeul Județean Satu Mare vă rugăm trimiteți-l prin mail la muzeusm@gmail.com, acesta fiind canalul oficial de comunicare cu muzeul.</p>



<p>Aici o să apară petițiile!</p>



<p>Vă mulțumim! </p>

<p>Dacă vreți să trimiteți petiții online la Muzeul Județean Satu Mare vă rugăm trimiteți-l prin mail la muzeusm@gmail.com, acesta fiind canalul oficial de comunicare cu muzeul. Aici o să apară petițiile! Vă mulțumim!</p>

Informații de interes public

{:ro} Anunțuri Achiziții publice Buget & Documente financiare Concursuri Declarații de avere ȘI INTERESE petiții online Muzeul Județean Satu Mare Facebook Instagram Contact muzeusm@gmail.com 0261735116 Adresa Vasile Lucaciu, 21 Satu MareRomania Anunt selectie dosare concurs ingrijitor Anunt selectie dosare concurs ingrijitorDescarcă {:}{:hu} Közbeszerzés Karrier lehetőség Vagyon és felelőség nyilatkozatok Közlemények…

Biroul de Turism Cultural a fost înființat în noiembrie 2020 în cadrul Muzeului Județean Satu Mare. Necesitatea era una foarte mare, deoarece potențialul cultural-turistic al județului este unul foarte mare, fiind necesară promovarea lui într-un mod profesionist. Echipa Biroului de Turism Cultural Satu Mare Mihaela Grigorean - șef birou Andreea…

Bibliotecă

{:ro} Despre bibliotecă În cadrul Muzeului Județean Satu Mare funcţionează încă de la începuturi o bibliotecă documentară şi de specialitate numărând în jur de 50.000 de volume. Partea documentară cuprinde cărţile transferate muzeului din colecţia prefecturii vechiului comitat al Sătmarului, o donaţie primită din Fondul de Dublete ale Bibliotecii Academiei…

Tragedie și renaștere. Fețe ale unei calamități - inundația din 14 mai 1970 în Satu Mare Pusztulás és újjászületés. Egy csapás több arca – az 1970. május 14-i szatmári árvíz Pentru a comemora 55 de ani de la evenimentele catastrofale din mai 1970, Secția de Istorie a Muzeului Județean Satu…

Activități de educație muzeală la MJSM, Muzeul de Artă și la sediul instituțiilor de învățământ

Kovács Zsolt

Lutul, formă și culoare Proiectul „Lutul, formă și culoare”, cuprinde ateliere de modelaj vase din lut și vizită ghidată într-una dintre expozițiile muzeului: Secția de arheologie /  Secția de etnografie. Durata activității: 2 h Locul de desfășurare: sediul MJSM și sediul instituțiilor de învățământ Activitatea se adresează elevilor de nivel…

Prezentări la MJSM și la sediul instituțiilor de învățământ

32. Portul popular în Țara OasuluiPrezentare Power Point dedicată obiectelor de îmbrăcăminte din Țara Oașului de-a lungul timpului.Durata activității: 1 hLocul de desfășurare: Sediul instituțiilor de învățământCoordonator: Adriana Achim Persoană de contact: Crăciun Dreve Andrada, 0735513342 33. „De la copac – la obiect de patrimoniu”Prezentări tematice pentru elevii de școală gimnazială…
